{"id":3806,"date":"2019-01-03T12:44:44","date_gmt":"2019-01-03T11:44:44","guid":{"rendered":"https:\/\/blasco-mentor-solliestoucas.fr\/?page_id=3806"},"modified":"2021-09-23T15:29:59","modified_gmt":"2021-09-23T13:29:59","slug":"exhibitions-of-mentors-work","status":"publish","type":"page","link":"https:\/\/blasco-mentor-solliestoucas.fr\/index.php\/en\/exhibitions-of-mentors-work\/","title":{"rendered":"Exhibitions of Mentor&rsquo;s work"},"content":{"rendered":"\n<ul>\n<li><span class=\"Y2IQFc\" lang=\"en\">1946, Galerie Altarriba, Paris <\/span><\/li>\n<li><span class=\"Y2IQFc\" lang=\"en\">1949, Galerie Dermes, Lyon, Rh\u00f4ne <\/span><\/li>\n<li><span class=\"Y2IQFc\" lang=\"en\">1950\/1953, Galerie de l&rsquo;Elys\u00e9e, Paris <\/span><\/li>\n<li><span class=\"Y2IQFc\" lang=\"en\">1952, Club de la Publicit\u00e9, Paris <\/span><\/li>\n<li><span class=\"Y2IQFc\" lang=\"en\">1953, Mulhouse Museum, Mulhouse, Haut-Rhin <\/span><\/li>\n<li><span class=\"Y2IQFc\" lang=\"en\">1954, Decorations of the Jean Mermoz and Cl\u00e9ment Ader liners <\/span><\/li>\n<li><span class=\"Y2IQFc\" lang=\"en\">1959\/1965, Galerie Carlier, Paris 1961, Urban Gallery, Paris <\/span><\/li>\n<li><span class=\"Y2IQFc\" lang=\"en\">1961, Galliera Museum, Paris 1962, Recio Gallery, Paris <\/span><\/li>\n<li><span class=\"Y2IQFc\" lang=\"en\">1967, Inauguration of the Maison des Jeunes et de la Culture Guy M\u00f4quet (400 m\u00b2), La Courneuve <\/span><\/li>\n<li><span class=\"Y2IQFc\" lang=\"en\">1970, Galerie Drouant, Paris 1970, Office of Arts and Tourism, Boll\u00e8ne, Vaucluse 1971, Salon de la Mairie, Corbeil-Essonnes, Essonne <\/span><\/li>\n<li><span class=\"Y2IQFc\" lang=\"en\">1972, House of Youth and Culture, Drancy, Seine Saint-Denis <\/span><\/li>\n<li><span class=\"Y2IQFc\" lang=\"en\">1971-1973, Palazzo Castiglione, Mural 250 m\u00b2, Milan, (Italy) 1974, Museum of Fine Arts, Besan\u00e7on, Doubs <\/span><\/li>\n<li><span class=\"Y2IQFc\" lang=\"en\">1974, Presentation of large groups: Germany, Italy, United States, U.R.S.S., Japan <\/span><\/li>\n<li><span class=\"Y2IQFc\" lang=\"en\">1974, Galerie Gian-Ferrari, Milan, (Italy) <\/span><\/li>\n<li><span class=\"Y2IQFc\" lang=\"en\">1975, Opening of the Center d&rsquo;Art International Artcurial, Paris<\/span><\/li>\n<li><span class=\"Y2IQFc\" lang=\"en\">1976, Castello Sforzesco, Sala della Balla, Milan, (Italy) <\/span><\/li>\n<li><span class=\"Y2IQFc\" lang=\"en\">1977, Picardy Museum, Amiens, Somme <\/span><\/li>\n<li><span class=\"Y2IQFc\" lang=\"en\">1977, Artcurial Gallery, Paris <\/span><\/li>\n<li><span class=\"Y2IQFc\" lang=\"en\">1977, Royal Arsenals Museum, Barcelona, \u200b\u200b(Spain) <\/span><\/li>\n<li><span class=\"Y2IQFc\" lang=\"en\">1977, Abidjan Museum, (Ivory Coast) <\/span><\/li>\n<\/ul>\n<p><span class=\"Y2IQFc\" lang=\"en\"><span class=\"Y2IQFc\" lang=\"en\">1977, Arts and Tourism Office, Mantes-la-Jolie, Yvelines<\/span><\/span><\/p>\n<ul style=\"list-style-type: disc;\">\n<li id=\"tw-target-text\" class=\"tw-data-text tw-text-large XcVN5d tw-ta\" dir=\"ltr\" data-placeholder=\"Traduction\"><span class=\"Y2IQFc\" lang=\"en\">1978, Galerie Valle-Orti, Valencia, (Spain) <\/span><\/li>\n<li id=\"tw-target-text\" class=\"tw-data-text tw-text-large XcVN5d tw-ta\" dir=\"ltr\" data-placeholder=\"Traduction\"><span class=\"Y2IQFc\" lang=\"en\">1978, Galerce Museum, Barcelona, \u200b\u200b(Spain) 1978, City Museum, Toulon, Var <\/span><\/li>\n<li id=\"tw-target-text\" class=\"tw-data-text tw-text-large XcVN5d tw-ta\" dir=\"ltr\" data-placeholder=\"Traduction\"><span class=\"Y2IQFc\" lang=\"en\">1978, Galerie du Sagittaire, Annecy, Haute-Savoie 1979, City Museum, Rennes, Ille-et-Vilaine <\/span><\/li>\n<li id=\"tw-target-text\" class=\"tw-data-text tw-text-large XcVN5d tw-ta\" dir=\"ltr\" data-placeholder=\"Traduction\"><span class=\"Y2IQFc\" lang=\"en\">1979, Hotel La Repos\u00e9e, Liffr\u00e9, Ille-et-Vilaine <\/span><\/li>\n<li id=\"tw-target-text\" class=\"tw-data-text tw-text-large XcVN5d tw-ta\" dir=\"ltr\" data-placeholder=\"Traduction\"><span class=\"Y2IQFc\" lang=\"en\">1981, Dialogue Hotel, UTA airline, Libreville, (Gabon) <\/span><\/li>\n<li id=\"tw-target-text\" class=\"tw-data-text tw-text-large XcVN5d tw-ta\" dir=\"ltr\" data-placeholder=\"Traduction\"><span class=\"Y2IQFc\" lang=\"en\">1981, European Triennial of Sculpture at the Grand Palais, Paris <\/span><\/li>\n<li id=\"tw-target-text\" class=\"tw-data-text tw-text-large XcVN5d tw-ta\" dir=\"ltr\" data-placeholder=\"Traduction\"><span class=\"Y2IQFc\" lang=\"en\">1982, Presidency of the Republic, Abidjan, (Ivory Coast) <\/span><\/li>\n<li id=\"tw-target-text\" class=\"tw-data-text tw-text-large XcVN5d tw-ta\" dir=\"ltr\" data-placeholder=\"Traduction\"><span class=\"Y2IQFc\" lang=\"en\">1982, Reunion Island, Saint-Denis<\/span><\/li>\n<li id=\"tw-target-text\" class=\"tw-data-text tw-text-large XcVN5d tw-ta\" dir=\"ltr\" data-placeholder=\"Traduction\"><span class=\"Y2IQFc\" lang=\"en\">1982, Roubeaud Art Gallery, Saint-Antoine de l&rsquo;Abbaye, Is\u00e8re <\/span><\/li>\n<li id=\"tw-target-text\" class=\"tw-data-text tw-text-large XcVN5d tw-ta\" dir=\"ltr\" data-placeholder=\"Traduction\"><span class=\"Y2IQFc\" lang=\"en\">1982, Galerie Guign\u00e9, \u00ab\u00a0Sculptures\u00a0\u00bb, Paris <\/span><\/li>\n<li id=\"tw-target-text\" class=\"tw-data-text tw-text-large XcVN5d tw-ta\" dir=\"ltr\" data-placeholder=\"Traduction\"><span class=\"Y2IQFc\" lang=\"en\">1982, C.C.F. (Credit Commercial de France), \u00ab\u00a0Baroque Sculptures\u00a0\u00bb, Toulon, Var <\/span><\/li>\n<li id=\"tw-target-text\" class=\"tw-data-text tw-text-large XcVN5d tw-ta\" dir=\"ltr\" data-placeholder=\"Traduction\"><span class=\"Y2IQFc\" lang=\"en\">1982, Villars Palace, Paris <\/span><\/li>\n<li id=\"tw-target-text\" class=\"tw-data-text tw-text-large XcVN5d tw-ta\" dir=\"ltr\" data-placeholder=\"Traduction\"><span class=\"Y2IQFc\" lang=\"en\">1983, H\u00f4tel Ibis, Plougastel Daoulas in Finist\u00e8re <\/span><\/li>\n<li id=\"tw-target-text\" class=\"tw-data-text tw-text-large XcVN5d tw-ta\" dir=\"ltr\" data-placeholder=\"Traduction\"><span class=\"Y2IQFc\" lang=\"en\">1983, Ch\u00e2teau-museum of Cabri\u00e8s, Cabri\u00e8s-en-Provence, Bouches-du-Rh\u00f4ne <\/span><\/li>\n<li id=\"tw-target-text\" class=\"tw-data-text tw-text-large XcVN5d tw-ta\" dir=\"ltr\" data-placeholder=\"Traduction\"><span class=\"Y2IQFc\" lang=\"en\">1983, Banque Pelletier et Cie, Mont-de-Marsan, Landes <\/span><\/li>\n<li id=\"tw-target-text\" class=\"tw-data-text tw-text-large XcVN5d tw-ta\" dir=\"ltr\" data-placeholder=\"Traduction\"><span class=\"Y2IQFc\" lang=\"en\">1983, Hotel M\u00e9ridien, Saint-Denis de La R\u00e9union <\/span><\/li>\n<li id=\"tw-target-text\" class=\"tw-data-text tw-text-large XcVN5d tw-ta\" dir=\"ltr\" data-placeholder=\"Traduction\"><span class=\"Y2IQFc\" lang=\"en\">1985, Museum, Brive-la-Gaillarde, Corr\u00e8ze <\/span><\/li>\n<li id=\"tw-target-text\" class=\"tw-data-text tw-text-large XcVN5d tw-ta\" dir=\"ltr\" data-placeholder=\"Traduction\"><span class=\"Y2IQFc\" lang=\"en\">1985, Museum of Art and History of Saint-Denis, Retrospective, Seine Saint-Denis <\/span><\/li>\n<li id=\"tw-target-text\" class=\"tw-data-text tw-text-large XcVN5d tw-ta\" dir=\"ltr\" data-placeholder=\"Traduction\"><span class=\"Y2IQFc\" lang=\"en\">1985\/1987\/1989\/1990\/1993, Galerie Guign\u00e9, Paris. <\/span><\/li>\n<li id=\"tw-target-text\" class=\"tw-data-text tw-text-large XcVN5d tw-ta\" dir=\"ltr\" data-placeholder=\"Traduction\"><span class=\"Y2IQFc\" lang=\"en\">1985, Scala Gallery, Barcelona, \u200b\u200b(Spain) <\/span><\/li>\n<li id=\"tw-target-text\" class=\"tw-data-text tw-text-large XcVN5d tw-ta\" dir=\"ltr\" data-placeholder=\"Traduction\"><span class=\"Y2IQFc\" lang=\"en\">1985\/1987, Galerie Jean Jury, Clermont-Ferrand, Puy-de-D\u00f4me<\/span><\/li>\n<li id=\"tw-target-text\" class=\"tw-data-text tw-text-large XcVN5d tw-ta\" dir=\"ltr\" data-placeholder=\"Traduction\"><span class=\"Y2IQFc\" lang=\"en\">1986\/1987, Galerie Andr\u00e9ozy, Marseille, Bouches-du-Rh\u00f4ne<\/span><\/li>\n<li id=\"tw-target-text\" class=\"tw-data-text tw-text-large XcVN5d tw-ta\" dir=\"ltr\" data-placeholder=\"Traduction\"><span class=\"Y2IQFc\" lang=\"en\">1986, Atelier Upiglio &#8211; Rotonda di via Besana, Milan, (Italy)<\/span><\/li>\n<li id=\"tw-target-text\" class=\"tw-data-text tw-text-large XcVN5d tw-ta\" dir=\"ltr\" data-placeholder=\"Traduction\"><span class=\"Y2IQFc\" lang=\"en\">1986, University, Milan, (Italy) <\/span><\/li>\n<li id=\"tw-target-text\" class=\"tw-data-text tw-text-large XcVN5d tw-ta\" dir=\"ltr\" data-placeholder=\"Traduction\"><span class=\"Y2IQFc\" lang=\"en\">1987, Vasarely Foundation, Aix-en-Provence, Bouches-du-Rh\u00f4ne <\/span><\/li>\n<li id=\"tw-target-text\" class=\"tw-data-text tw-text-large XcVN5d tw-ta\" dir=\"ltr\" data-placeholder=\"Traduction\"><span class=\"Y2IQFc\" lang=\"en\">1988, Firmin Gemier Theater, Anthony, Hauts-de-Seine. <\/span><\/li>\n<li id=\"tw-target-text\" class=\"tw-data-text tw-text-large XcVN5d tw-ta\" dir=\"ltr\" data-placeholder=\"Traduction\"><span class=\"Y2IQFc\" lang=\"en\">1988, General Council of Var, Brignoles, Var<\/span><\/li>\n<li id=\"tw-target-text\" class=\"tw-data-text tw-text-large XcVN5d tw-ta\" dir=\"ltr\" data-placeholder=\"Traduction\"><span class=\"Y2IQFc\" lang=\"en\">1989, General Council, Saint-Denis de La R\u00e9union <\/span><\/li>\n<\/ul>\n<p><span class=\"Y2IQFc\" lang=\"en\"><span class=\"Y2IQFc\" lang=\"en\">1989, Receipt of the purchase by the General Council of Var of four La Provence canvases, Toulon, Var<\/span><\/span><\/p>\n<ul>\n<li id=\"tw-target-text\" class=\"tw-data-text tw-text-large XcVN5d tw-ta\" dir=\"ltr\" data-placeholder=\"Traduction\"><span class=\"Y2IQFc\" lang=\"en\">1989, Salon d&rsquo;Automne, \u00ab\u00a0Homage to Mentor\u00a0\u00bb, Paris <\/span><\/li>\n<li id=\"tw-target-text\" class=\"tw-data-text tw-text-large XcVN5d tw-ta\" dir=\"ltr\" data-placeholder=\"Traduction\"><span class=\"Y2IQFc\" lang=\"en\">1989\/1990\/1991\/1992, Atelier Gourdon, Le Castellet, Var <\/span><\/li>\n<li id=\"tw-target-text\" class=\"tw-data-text tw-text-large XcVN5d tw-ta\" dir=\"ltr\" data-placeholder=\"Traduction\"><span class=\"Y2IQFc\" lang=\"en\">1991, Palace of the Kings of Majorca, Retrospective, Perpignan, Pyr\u00e9n\u00e9es-Orientales 1991, Bourdelle Museum, Paris <\/span><\/li>\n<li id=\"tw-target-text\" class=\"tw-data-text tw-text-large XcVN5d tw-ta\" dir=\"ltr\" data-placeholder=\"Traduction\"><span class=\"Y2IQFc\" lang=\"en\">1991, Villa Tamaris, La Seyne-sur-Mer, Var <\/span><\/li>\n<li id=\"tw-target-text\" class=\"tw-data-text tw-text-large XcVN5d tw-ta\" dir=\"ltr\" data-placeholder=\"Traduction\"><span class=\"Y2IQFc\" lang=\"en\">1992, Le Cadre Noir, Saint-Denis de La R\u00e9union <\/span><\/li>\n<li id=\"tw-target-text\" class=\"tw-data-text tw-text-large XcVN5d tw-ta\" dir=\"ltr\" data-placeholder=\"Traduction\"><span class=\"Y2IQFc\" lang=\"en\">1993, Galerie du Four, Amiens, Somme <\/span><\/li>\n<li id=\"tw-target-text\" class=\"tw-data-text tw-text-large XcVN5d tw-ta\" dir=\"ltr\" data-placeholder=\"Traduction\"><span class=\"Y2IQFc\" lang=\"en\">1993, Ch\u00e2teau de Vasc\u0153uil, Retrospective, Eure<\/span><\/li>\n<li id=\"tw-target-text\" class=\"tw-data-text tw-text-large XcVN5d tw-ta\" dir=\"ltr\" data-placeholder=\"Traduction\"><span class=\"Y2IQFc\" lang=\"en\">1994, Estades Gallery, Toulon, Var <\/span><\/li>\n<li id=\"tw-target-text\" class=\"tw-data-text tw-text-large XcVN5d tw-ta\" dir=\"ltr\" data-placeholder=\"Traduction\"><span class=\"Y2IQFc\" lang=\"en\">1994, Hall of Honor of the town hall of Noum\u00e9a, New Caledonia<\/span><\/li>\n<li id=\"tw-target-text\" class=\"tw-data-text tw-text-large XcVN5d tw-ta\" dir=\"ltr\" data-placeholder=\"Traduction\"><span class=\"Y2IQFc\" lang=\"en\">1994, Galerie Carmen H\u00e9ritier, Mirmande, Dr\u00f4me <\/span><\/li>\n<li id=\"tw-target-text\" class=\"tw-data-text tw-text-large XcVN5d tw-ta\" dir=\"ltr\" data-placeholder=\"Traduction\"><span class=\"Y2IQFc\" lang=\"en\">1995, Tour Carr\u00e9e Museum, Sainte-Maxime, Var <\/span><\/li>\n<li id=\"tw-target-text\" class=\"tw-data-text tw-text-large XcVN5d tw-ta\" dir=\"ltr\" data-placeholder=\"Traduction\"><span class=\"Y2IQFc\" lang=\"en\">1995, Inauguration of the decoration of the five levels of the Mentor car park, pl. Jules Vernes, Marseille, Bouches-du-Rh\u00f4ne <\/span><\/li>\n<li id=\"tw-target-text\" class=\"tw-data-text tw-text-large XcVN5d tw-ta\" dir=\"ltr\" data-placeholder=\"Traduction\"><span class=\"Y2IQFc\" lang=\"en\">1995\/1996, Hotel Ivoire, Abidjan, (Ivory Coast) <\/span><\/li>\n<li id=\"tw-target-text\" class=\"tw-data-text tw-text-large XcVN5d tw-ta\" dir=\"ltr\" data-placeholder=\"Traduction\"><span class=\"Y2IQFc\" lang=\"en\">1995, Salon of the town hall of Passy, \u200b\u200bHaute-Savoie <\/span><\/li>\n<li id=\"tw-target-text\" class=\"tw-data-text tw-text-large XcVN5d tw-ta\" dir=\"ltr\" data-placeholder=\"Traduction\"><span class=\"Y2IQFc\" lang=\"en\">1995, Caixabank, Marseille, Aix-en-Provence, Montpellier, Perpignan <\/span><\/li>\n<li id=\"tw-target-text\" class=\"tw-data-text tw-text-large XcVN5d tw-ta\" dir=\"ltr\" data-placeholder=\"Traduction\"><span class=\"Y2IQFc\" lang=\"en\">1995, Castle of Divonne-les-Bains, Ain <\/span><\/li>\n<li id=\"tw-target-text\" class=\"tw-data-text tw-text-large XcVN5d tw-ta\" dir=\"ltr\" data-placeholder=\"Traduction\"><span class=\"Y2IQFc\" lang=\"en\">1996, Caixabank, Toulon, Var<\/span><\/li>\n<li id=\"tw-target-text\" class=\"tw-data-text tw-text-large XcVN5d tw-ta\" dir=\"ltr\" data-placeholder=\"Traduction\"><span class=\"Y2IQFc\" lang=\"en\"> 1996, Galerie Park Atlantic, Lisbon, (Portugal) <\/span><\/li>\n<li id=\"tw-target-text\" class=\"tw-data-text tw-text-large XcVN5d tw-ta\" dir=\"ltr\" data-placeholder=\"Traduction\"><span class=\"Y2IQFc\" lang=\"en\">1996, Municipal Casino, Biarritz, Pyr\u00e9n\u00e9es-Atlantiques <\/span><\/li>\n<li id=\"tw-target-text\" class=\"tw-data-text tw-text-large XcVN5d tw-ta\" dir=\"ltr\" data-placeholder=\"Traduction\"><span class=\"Y2IQFc\" lang=\"en\">1996, Galerie Dafina, Aix-les-Bains, Savoie <\/span><\/li>\n<li id=\"tw-target-text\" class=\"tw-data-text tw-text-large XcVN5d tw-ta\" dir=\"ltr\" data-placeholder=\"Traduction\"><span class=\"Y2IQFc\" lang=\"en\">1996, Inauguration of the decoration of the Salle Mentor at the restaurant Le Lingousto, Cuers, Var <\/span><\/li>\n<li id=\"tw-target-text\" class=\"tw-data-text tw-text-large XcVN5d tw-ta\" dir=\"ltr\" data-placeholder=\"Traduction\"><span class=\"Y2IQFc\" lang=\"en\">1997, Galerie La Tour des Cardinaux, Isle-sur-la-Sorgue, Vaucluse <\/span><\/li>\n<li id=\"tw-target-text\" class=\"tw-data-text tw-text-large XcVN5d tw-ta\" dir=\"ltr\" data-placeholder=\"Traduction\"><span class=\"Y2IQFc\" lang=\"en\">1998, Ch\u00e2teau de Durtal, Angers, Maine-et-Loire <\/span><\/li>\n<li id=\"tw-target-text\" class=\"tw-data-text tw-text-large XcVN5d tw-ta\" dir=\"ltr\" data-placeholder=\"Traduction\"><span class=\"Y2IQFc\" lang=\"en\">1999, Galerie des Remparts, Bordeaux, Gironde <\/span><\/li>\n<li id=\"tw-target-text\" class=\"tw-data-text tw-text-large XcVN5d tw-ta\" dir=\"ltr\" data-placeholder=\"Traduction\"><span class=\"Y2IQFc\" lang=\"en\">1999, Fort St Jean Museum, Marseille, Bouches-du-Rh\u00f4ne<\/span><\/li>\n<li id=\"tw-target-text\" class=\"tw-data-text tw-text-large XcVN5d tw-ta\" dir=\"ltr\" data-placeholder=\"Traduction\"><span class=\"Y2IQFc\" lang=\"en\">1999, Galerie 26, Saint-Denis de La R\u00e9union <\/span><\/li>\n<li id=\"tw-target-text\" class=\"tw-data-text tw-text-large XcVN5d tw-ta\" dir=\"ltr\" data-placeholder=\"Traduction\"><span class=\"Y2IQFc\" lang=\"en\">2000, Galerie Dufour, Amiens, Somme <\/span><\/li>\n<li id=\"tw-target-text\" class=\"tw-data-text tw-text-large XcVN5d tw-ta\" dir=\"ltr\" data-placeholder=\"Traduction\"><span class=\"Y2IQFc\" lang=\"en\">2000, Palais Ducal, Nevers, Ni\u00e8vre <\/span><\/li>\n<li id=\"tw-target-text\" class=\"tw-data-text tw-text-large XcVN5d tw-ta\" dir=\"ltr\" data-placeholder=\"Traduction\"><span class=\"Y2IQFc\" lang=\"en\">2001, 8th Salon of Painters of Grimaud, Var <\/span><\/li>\n<li id=\"tw-target-text\" class=\"tw-data-text tw-text-large XcVN5d tw-ta\" dir=\"ltr\" data-placeholder=\"Traduction\"><span class=\"Y2IQFc\" lang=\"en\">2005, Edgar M\u00e9lik Museum, Cabri\u00e8s, Bouches-du-Rh\u00f4ne <\/span><\/li>\n<li id=\"tw-target-text\" class=\"tw-data-text tw-text-large XcVN5d tw-ta\" dir=\"ltr\" data-placeholder=\"Traduction\"><span class=\"Y2IQFc\" lang=\"en\">2009, Goya de Castres Museum, Retrospective, Tarn <\/span><\/li>\n<li id=\"tw-target-text\" class=\"tw-data-text tw-text-large XcVN5d tw-ta\" dir=\"ltr\" data-placeholder=\"Traduction\"><span class=\"Y2IQFc\" lang=\"en\">2011, Solli\u00e8s-Toucas, Retrospective &#8211; Inauguration of the \u00ab\u00a0Univers Mentor\u00a0\u00bb endowment fund <\/span><\/li>\n<li id=\"tw-target-text\" class=\"tw-data-text tw-text-large XcVN5d tw-ta\" dir=\"ltr\" data-placeholder=\"Traduction\"><span class=\"Y2IQFc\" lang=\"en\">2013\/2014, Galerie Mazarin in Toulon, Var <\/span><\/li>\n<li id=\"tw-target-text\" class=\"tw-data-text tw-text-large XcVN5d tw-ta\" dir=\"ltr\" data-placeholder=\"Traduction\"><span class=\"Y2IQFc\" lang=\"en\">2016, Exhibition at the Tour Carr\u00e9e in Hy\u00e8res, Var<\/span><\/li>\n<li id=\"tw-target-text\" class=\"tw-data-text tw-text-large XcVN5d tw-ta\" dir=\"ltr\" data-placeholder=\"Traduction\"><span class=\"Y2IQFc\" lang=\"en\">2017, Exhibition at the Center d&rsquo;Art S\u00e9bastien in Saint Cyr sur Mer, Var<\/span><\/li>\n<li id=\"tw-target-text\" class=\"tw-data-text tw-text-large XcVN5d tw-ta\" dir=\"ltr\" data-placeholder=\"Traduction\"><span class=\"Y2IQFc\" lang=\"en\">2018, Exhibition at the Tour Carr\u00e9e Museum in Hy\u00e8res, Var <\/span><\/li>\n<li id=\"tw-target-text\" class=\"tw-data-text tw-text-large XcVN5d tw-ta\" dir=\"ltr\" data-placeholder=\"Traduction\"><span class=\"Y2IQFc\" lang=\"en\">2019, Centenary of his birth<\/span><\/li>\n<\/ul>\n<ul style=\"list-style-type: disc;\">\n<li id=\"tw-target-text\" class=\"tw-data-text tw-text-large XcVN5d tw-ta\" dir=\"ltr\" style=\"text-align: justify;\" data-placeholder=\"Traduction\"><span class=\"Y2IQFc\" lang=\"en\">Exhibition in Saint-Mandrier-sur-Mer, Var, \u00ab\u00a0Music Musics\u00a0\u00bb <\/span><\/li>\n<li id=\"tw-target-text\" class=\"tw-data-text tw-text-large XcVN5d tw-ta\" dir=\"ltr\" data-placeholder=\"Traduction\"><span class=\"Y2IQFc\" lang=\"en\">&nbsp;Exhibition of an unpublished work \u00ab\u00a0The Spanish Civil War\u00a0\u00bb in Gennevilliers among the Tr\u00e9sors de Banlieues exhibition<\/span><\/li>\n<li id=\"tw-target-text\" class=\"tw-data-text tw-text-large XcVN5d tw-ta\" dir=\"ltr\" style=\"text-align: justify;\" data-placeholder=\"Traduction\"><span class=\"Y2IQFc\" lang=\"en\">&nbsp;Exhibition in Solli\u00e8s Pont, Var, \u00ab\u00a0From one Solli\u00e8s to the other\u00a0\u00bb<\/span><\/li>\n<\/ul>\n","protected":false},"excerpt":{"rendered":"<p>1946, Galerie Altarriba, Paris 1949, Galerie Dermes, Lyon, Rh\u00f4ne 1950\/1953, Galerie de l&rsquo;Elys\u00e9e, Paris 1952, Club de la Publicit\u00e9, Paris 1953, Mulhouse Museum, Mulhouse, Haut-Rhin 1954, Decorations of the Jean Mermoz and Cl\u00e9ment Ader liners 1959\/1965, Galerie Carlier, Paris 1961, &hellip; <a href=\"https:\/\/blasco-mentor-solliestoucas.fr\/index.php\/en\/exhibitions-of-mentors-work\/\">Continuer la lecture <span class=\"meta-nav\">&rarr;<\/span><\/a><\/p>\n","protected":false},"author":2,"featured_media":0,"parent":0,"menu_order":0,"comment_status":"closed","ping_status":"closed","template":"onecolumn-page.php","meta":{"ngg_post_thumbnail":0,"footnotes":""},"categories":[],"tags":[],"class_list":["post-3806","page","type-page","status-publish","hentry"],"lang":"en","translations":{"en":3806},"pll_sync_post":[],"_links":{"self":[{"href":"https:\/\/blasco-mentor-solliestoucas.fr\/index.php\/wp-json\/wp\/v2\/pages\/3806","targetHints":{"allow":["GET"]}}],"collection":[{"href":"https:\/\/blasco-mentor-solliestoucas.fr\/index.php\/wp-json\/wp\/v2\/pages"}],"about":[{"href":"https:\/\/blasco-mentor-solliestoucas.fr\/index.php\/wp-json\/wp\/v2\/types\/page"}],"author":[{"embeddable":true,"href":"https:\/\/blasco-mentor-solliestoucas.fr\/index.php\/wp-json\/wp\/v2\/users\/2"}],"replies":[{"embeddable":true,"href":"https:\/\/blasco-mentor-solliestoucas.fr\/index.php\/wp-json\/wp\/v2\/comments?post=3806"}],"version-history":[{"count":2,"href":"https:\/\/blasco-mentor-solliestoucas.fr\/index.php\/wp-json\/wp\/v2\/pages\/3806\/revisions"}],"predecessor-version":[{"id":3809,"href":"https:\/\/blasco-mentor-solliestoucas.fr\/index.php\/wp-json\/wp\/v2\/pages\/3806\/revisions\/3809"}],"wp:attachment":[{"href":"https:\/\/blasco-mentor-solliestoucas.fr\/index.php\/wp-json\/wp\/v2\/media?parent=3806"}],"wp:term":[{"taxonomy":"category","embeddable":true,"href":"https:\/\/blasco-mentor-solliestoucas.fr\/index.php\/wp-json\/wp\/v2\/categories?post=3806"},{"taxonomy":"post_tag","embeddable":true,"href":"https:\/\/blasco-mentor-solliestoucas.fr\/index.php\/wp-json\/wp\/v2\/tags?post=3806"}],"curies":[{"name":"wp","href":"https:\/\/api.w.org\/{rel}","templated":true}]}}